{"id":3308,"date":"2025-01-17T14:04:54","date_gmt":"2025-01-17T13:04:54","guid":{"rendered":"https:\/\/logistiknetz-bb.de\/?post_type=tribe_events&#038;p=3308"},"modified":"2025-01-17T14:04:54","modified_gmt":"2025-01-17T13:04:54","slug":"kompaktseminar-flottenelektrifizierung-in-brandenburger-unternehmen","status":"publish","type":"tribe_events","link":"https:\/\/logistiknetz-bb.de\/?tribe_events=kompaktseminar-flottenelektrifizierung-in-brandenburger-unternehmen","title":{"rendered":"Kompaktseminar &#8220;Flottenelektrifizierung in Brandenburger Unternehmen&#8221;"},"content":{"rendered":"<h3>Ziel ist es, Ihnen das Wissen f\u00fcr die ersten Schritte hin zu einer elektrifizierten Pkw- oder Nfz-Flotte an die Hand zu geben.<\/h3>\n<p>In vielen Unternehmen steigt das Interesse an einer Elektrifizierung ihre Pkw- oder Nfz-Flotte. Und dies aus guten Gr\u00fcnden. Neben der Absenkung von CO<sub>2<\/sub>-Emmissionen bieten sich mittel- und langfristig auch wirtschaftliche Potentiale f\u00fcr die Unternehmen. Mit der Umstellung des Fuhrparks sind aber viele Fragen, die\u00a0 <a title=\"Stabsstelle Anwendung Elektro- und Wasserstoffmobilit\u00e4t\" href=\"https:\/\/www.wfbb.de\/wir-ueber-uns\/stabsstelle-anwendung-elektro-und-wasserstoffmobilitaet\" data-entity-substitution=\"canonical\" data-entity-type=\"node\" data-entity-uuid=\"3f149439-0b04-4abf-a9ba-dcba50454871\">SAEW<\/a>\u00a0in einem\u00a0<strong>kostenfreien Kompaktseminar<\/strong> aufgreifen will.<\/p>\n<div id=\"paragraph-19769\" class=\"paragraph headline size-h2 style-default alignment-default black\">\n<div class=\"container\">\n<h4>Bausteine des Kompaktseminars<\/h4>\n<\/div>\n<\/div>\n<div id=\"paragraph-19766\" class=\"column column-1 col-size-default col-center-none layout-separating-line\">\n<div class=\"column-content\">\n<div id=\"paragraph-19765\" class=\"paragraph text style-default\">\n<div class=\"container\">\n<ul>\n<li>Regulatorische Rahmenbedingungen f\u00fcr die Elektromobilit\u00e4t<\/li>\n<li>\u00dcberblick \u00fcber die unterschiedlichen technischen und kaufm\u00e4nnischen L\u00f6sungen f\u00fcr die betriebliche Ladeinfrastruktur<\/li>\n<li>\u00dcberblick \u00fcber die anwachsende Angebotspalette in den Segmenten E-Pkw und E-Nfz<\/li>\n<li>Hinweise f\u00fcr die innerbetriebliche Projektumsetzung<\/li>\n<\/ul>\n<p>Das in Pr\u00e4senz durchgef\u00fchrte Kompaktseminar dauert je nach Gruppengr\u00f6\u00dfe und Aufgabenstellung zwischen vier und sechs Stunden. Dieses Angebot richtet sich an Unternehmen in Brandenburg.<\/p>\n<p>Anmeldung: https:\/\/www.wfbb.de\/termine-und-events\/kompaktseminar-flottenelektrifizierung-brandenburger-unternehmen<\/p>\n<p>&nbsp;<\/p>\n<\/div>\n<\/div>\n<\/div>\n<\/div>\n","protected":false},"excerpt":{"rendered":"<p>Ziel ist es, Ihnen das Wissen f\u00fcr die ersten Schritte hin zu einer elektrifizierten Pkw- oder Nfz-Flotte an die Hand zu geben. In vielen Unternehmen steigt das Interesse an einer &#8230;<\/p>\n","protected":false},"author":3,"featured_media":0,"comment_status":"closed","ping_status":"closed","template":"","meta":{"inline_featured_image":false,"_tribe_events_status":"","_tribe_events_status_reason":""},"tags":[],"tribe_events_cat":[],"_links":{"self":[{"href":"https:\/\/logistiknetz-bb.de\/index.php?rest_route=\/wp\/v2\/tribe_events\/3308"}],"collection":[{"href":"https:\/\/logistiknetz-bb.de\/index.php?rest_route=\/wp\/v2\/tribe_events"}],"about":[{"href":"https:\/\/logistiknetz-bb.de\/index.php?rest_route=\/wp\/v2\/types\/tribe_events"}],"author":[{"embeddable":true,"href":"https:\/\/logistiknetz-bb.de\/index.php?rest_route=\/wp\/v2\/users\/3"}],"replies":[{"embeddable":true,"href":"https:\/\/logistiknetz-bb.de\/index.php?rest_route=%2Fwp%2Fv2%2Fcomments&post=3308"}],"version-history":[{"count":1,"href":"https:\/\/logistiknetz-bb.de\/index.php?rest_route=\/wp\/v2\/tribe_events\/3308\/revisions"}],"predecessor-version":[{"id":3309,"href":"https:\/\/logistiknetz-bb.de\/index.php?rest_route=\/wp\/v2\/tribe_events\/3308\/revisions\/3309"}],"wp:attachment":[{"href":"https:\/\/logistiknetz-bb.de\/index.php?rest_route=%2Fwp%2Fv2%2Fmedia&parent=3308"}],"wp:term":[{"taxonomy":"post_tag","embeddable":true,"href":"https:\/\/logistiknetz-bb.de\/index.php?rest_route=%2Fwp%2Fv2%2Ftags&post=3308"},{"taxonomy":"tribe_events_cat","embeddable":true,"href":"https:\/\/logistiknetz-bb.de\/index.php?rest_route=%2Fwp%2Fv2%2Ftribe_events_cat&post=3308"}],"curies":[{"name":"wp","href":"https:\/\/api.w.org\/{rel}","templated":true}]}}

<h3>Ziel ist es, Ihnen das Wissen für die ersten Schritte hin zu einer elektrifizierten Pkw- oder Nfz-Flotte an die Hand zu geben.</h3>
<p>In vielen Unternehmen steigt das Interesse an einer Elektrifizierung ihre Pkw- oder Nfz-Flotte. Und dies aus guten Gründen. Neben der Absenkung von CO<sub>2</sub>-Emmissionen bieten sich mittel- und langfristig auch wirtschaftliche Potentiale für die Unternehmen. Mit der Umstellung des Fuhrparks sind aber viele Fragen, die  <a title="Stabsstelle Anwendung Elektro- und Wasserstoffmobilität" href="https://www.wfbb.de/wir-ueber-uns/stabsstelle-anwendung-elektro-und-wasserstoffmobilitaet" data-entity-substitution="canonical" data-entity-type="node" data-entity-uuid="3f149439-0b04-4abf-a9ba-dcba50454871">SAEW</a> in einem <strong>kostenfreien Kompaktseminar</strong> aufgreifen will.</p>
<div id="paragraph-19769" class="paragraph headline size-h2 style-default alignment-default black">
<div class="container">
<h4>Bausteine des Kompaktseminars</h4>
</div>
</div>
<div id="paragraph-19766" class="column column-1 col-size-default col-center-none layout-separating-line">
<div class="column-content">
<div id="paragraph-19765" class="paragraph text style-default">
<div class="container">
<ul>
<li>Regulatorische Rahmenbedingungen für die Elektromobilität</li>
<li>Überblick über die unterschiedlichen technischen und kaufmännischen Lösungen für die betriebliche Ladeinfrastruktur</li>
<li>Überblick über die anwachsende Angebotspalette in den Segmenten E-Pkw und E-Nfz</li>
<li>Hinweise für die innerbetriebliche Projektumsetzung</li>
</ul>
<p>Das in Präsenz durchgeführte Kompaktseminar dauert je nach Gruppengröße und Aufgabenstellung zwischen vier und sechs Stunden. Dieses Angebot richtet sich an Unternehmen in Brandenburg.</p>
<p>Anmeldung: https://www.wfbb.de/termine-und-events/kompaktseminar-flottenelektrifizierung-brandenburger-unternehmen</p>
<p>&nbsp;</p>
</div>
</div>
</div>
</div>

<p>Ziel ist es, Ihnen das Wissen für die ersten Schritte hin zu einer elektrifizierten Pkw- oder Nfz-Flotte an die Hand zu geben. In vielen Unternehmen steigt das Interesse an einer &#8230;</p>
