{"id":3424,"date":"2025-05-12T10:06:01","date_gmt":"2025-05-12T08:06:01","guid":{"rendered":"https:\/\/logistiknetz-bb.de\/?post_type=tribe_events&#038;p=3424"},"modified":"2025-05-12T10:06:38","modified_gmt":"2025-05-12T08:06:38","slug":"vorstellung-ergebnisse-fraunhofer-unternehmensbefragung","status":"publish","type":"tribe_events","link":"https:\/\/logistiknetz-bb.de\/?tribe_events=vorstellung-ergebnisse-fraunhofer-unternehmensbefragung","title":{"rendered":"Vorstellung Ergebnisse Fraunhofer-Unternehmensbefragung"},"content":{"rendered":"<p>Das Fraunhofer-Institut f\u00fcr Materialfluss und Logistik (IML) hat in den vergangenen Monaten Unternehmen aus ganz Brandenburg zu den Herausforderungen logistischer Prozesse befragt.<\/p>\n<p><strong>Agenda:<\/strong><\/p>\n<ol>\n<li><strong>Gru\u00dfwort<\/strong><br \/>\nStaatssekret\u00e4rin Dr. Friedericke Haase, Brandenburger Wirtschaftsministerium<\/li>\n<li><strong>Vorstellung der Befragungsergebnisse<\/strong><br \/>\nVolker Fennemann, Fraunhofer IML<\/li>\n<li><strong>Podiumsdiskussion der Ergebnisse und der Bedeutung f\u00fcr Brandenburg<\/strong><br \/>\nSts Dr. Friederike Haase<br \/>\nVolker Fennemann<br \/>\nDr. Steffen Kammradt, Wirtschaftsf\u00f6rderung des Landes Brandenburg<br \/>\nRonny Bellovics, Vizepr\u00e4sident der IHK Potsdam<\/li>\n<\/ol>\n<p>An der Befragung haben sich Unternehmen aus ganz Brandenburg beteiligt. Von der Prignitz bis in die Lausitz, von der Uckermark bis nach Elbe-Elster. Befragt wurde zu den Themen Digitalisierung, Technologieeinsatz, Infrastruktur, Prozessoptimierung, Nachhaltigkeit, Kostenstrukturen sowie die Zusammenarbeit mit Partnern. Die Erkenntnisse sollen einflie\u00dfen in die Aufstellung des Fraunhofer-Kompetenzzentrums f\u00fcr gr\u00fcne Logistik und Mobilit\u00e4t, das in Ludwigsfelde angesiedelt werden soll und Brandenburger Unternehmen mit Expertise und gemeinsamen Projekten bei der Bew\u00e4ltigung der Herausforderungen zur Seite steht.<\/p>\n<p>Im Anschluss an die Diskussion sind Sie herzlich zu einem Get-together eingeladen, um die Gelegenheit zu nutzen, sich mit den Referenten und anderen Branchenvertretern auszutauschen.<\/p>\n<p>Bitte best\u00e4tigen Sie Ihre Teilnahme bis zum <strong>19.05.2025<\/strong> per E-Mail an <a href=\"mailto:wirtschaft@ludwigsfelde.de\">wirtschaft@ludwigsfelde.de<\/a> oder telefonisch unter 03378-827 110.<\/p>\n","protected":false},"excerpt":{"rendered":"<p>Das Fraunhofer-Institut f\u00fcr Materialfluss und Logistik (IML) hat in den vergangenen Monaten Unternehmen aus ganz Brandenburg zu den Herausforderungen logistischer Prozesse befragt. Agenda: Gru\u00dfwort Staatssekret\u00e4rin Dr. Friedericke Haase, Brandenburger Wirtschaftsministerium &#8230;<\/p>\n","protected":false},"author":3,"featured_media":0,"comment_status":"closed","ping_status":"closed","template":"","meta":{"inline_featured_image":false,"_tribe_events_status":"","_tribe_events_status_reason":""},"tags":[],"tribe_events_cat":[],"_links":{"self":[{"href":"https:\/\/logistiknetz-bb.de\/index.php?rest_route=\/wp\/v2\/tribe_events\/3424"}],"collection":[{"href":"https:\/\/logistiknetz-bb.de\/index.php?rest_route=\/wp\/v2\/tribe_events"}],"about":[{"href":"https:\/\/logistiknetz-bb.de\/index.php?rest_route=\/wp\/v2\/types\/tribe_events"}],"author":[{"embeddable":true,"href":"https:\/\/logistiknetz-bb.de\/index.php?rest_route=\/wp\/v2\/users\/3"}],"replies":[{"embeddable":true,"href":"https:\/\/logistiknetz-bb.de\/index.php?rest_route=%2Fwp%2Fv2%2Fcomments&post=3424"}],"version-history":[{"count":1,"href":"https:\/\/logistiknetz-bb.de\/index.php?rest_route=\/wp\/v2\/tribe_events\/3424\/revisions"}],"predecessor-version":[{"id":3425,"href":"https:\/\/logistiknetz-bb.de\/index.php?rest_route=\/wp\/v2\/tribe_events\/3424\/revisions\/3425"}],"wp:attachment":[{"href":"https:\/\/logistiknetz-bb.de\/index.php?rest_route=%2Fwp%2Fv2%2Fmedia&parent=3424"}],"wp:term":[{"taxonomy":"post_tag","embeddable":true,"href":"https:\/\/logistiknetz-bb.de\/index.php?rest_route=%2Fwp%2Fv2%2Ftags&post=3424"},{"taxonomy":"tribe_events_cat","embeddable":true,"href":"https:\/\/logistiknetz-bb.de\/index.php?rest_route=%2Fwp%2Fv2%2Ftribe_events_cat&post=3424"}],"curies":[{"name":"wp","href":"https:\/\/api.w.org\/{rel}","templated":true}]}}

<p>Das Fraunhofer-Institut für Materialfluss und Logistik (IML) hat in den vergangenen Monaten Unternehmen aus ganz Brandenburg zu den Herausforderungen logistischer Prozesse befragt.</p>
<p><strong>Agenda:</strong></p>
<ol>
<li><strong>Grußwort</strong><br />
Staatssekretärin Dr. Friedericke Haase, Brandenburger Wirtschaftsministerium</li>
<li><strong>Vorstellung der Befragungsergebnisse</strong><br />
Volker Fennemann, Fraunhofer IML</li>
<li><strong>Podiumsdiskussion der Ergebnisse und der Bedeutung für Brandenburg</strong><br />
Sts Dr. Friederike Haase<br />
Volker Fennemann<br />
Dr. Steffen Kammradt, Wirtschaftsförderung des Landes Brandenburg<br />
Ronny Bellovics, Vizepräsident der IHK Potsdam</li>
</ol>
<p>An der Befragung haben sich Unternehmen aus ganz Brandenburg beteiligt. Von der Prignitz bis in die Lausitz, von der Uckermark bis nach Elbe-Elster. Befragt wurde zu den Themen Digitalisierung, Technologieeinsatz, Infrastruktur, Prozessoptimierung, Nachhaltigkeit, Kostenstrukturen sowie die Zusammenarbeit mit Partnern. Die Erkenntnisse sollen einfließen in die Aufstellung des Fraunhofer-Kompetenzzentrums für grüne Logistik und Mobilität, das in Ludwigsfelde angesiedelt werden soll und Brandenburger Unternehmen mit Expertise und gemeinsamen Projekten bei der Bewältigung der Herausforderungen zur Seite steht.</p>
<p>Im Anschluss an die Diskussion sind Sie herzlich zu einem Get-together eingeladen, um die Gelegenheit zu nutzen, sich mit den Referenten und anderen Branchenvertretern auszutauschen.</p>
<p>Bitte bestätigen Sie Ihre Teilnahme bis zum <strong>19.05.2025</strong> per E-Mail an <a href="mailto:wirtschaft@ludwigsfelde.de">wirtschaft@ludwigsfelde.de</a> oder telefonisch unter 03378-827 110.</p>

<p>Das Fraunhofer-Institut für Materialfluss und Logistik (IML) hat in den vergangenen Monaten Unternehmen aus ganz Brandenburg zu den Herausforderungen logistischer Prozesse befragt. Agenda: Grußwort Staatssekretärin Dr. Friedericke Haase, Brandenburger Wirtschaftsministerium &#8230;</p>
