{"id":3427,"date":"2025-05-14T14:01:13","date_gmt":"2025-05-14T12:01:13","guid":{"rendered":"https:\/\/logistiknetz-bb.de\/?post_type=tribe_events&#038;p=3427"},"modified":"2025-05-14T14:01:13","modified_gmt":"2025-05-14T12:01:13","slug":"gemeinschaftsstand-der-hauptstadtregion-auf-der-transport-logistic","status":"publish","type":"tribe_events","link":"https:\/\/logistiknetz-bb.de\/?tribe_events=gemeinschaftsstand-der-hauptstadtregion-auf-der-transport-logistic","title":{"rendered":"Gemeinschaftsstand der Hauptstadtregion auf der transport logistic"},"content":{"rendered":"<p>Vom 02. bis zum 05. Juni 2025 findet die internationale Leitmesse transport logistic in M\u00fcnchen statt \u2013 und wir sind mit zahlreichen <strong>LNBB-Mitgliedern live dabei<\/strong>!<\/p>\n<p>Der <a href=\"https:\/\/koop-bb.de\/p\/tl-2025\">Gemeinschaftsstand der Hauptstadtregion<\/a> bietet eine exzellente Plattform, um pers\u00f6nliche Kontakte zu kn\u00fcpfen. Sie m\u00f6chten Kontakt zu unseren Mitgliedern aufbauen oder mehr \u00fcber das LNBB-Netzwerk oder die Wirtschaftsregion Berlin-Brandenburg erfahren?<\/p>\n<p>Besuchen Sie den Gemeinschaftsstand in <strong>Halle B4 | Stand 319\/418<\/strong>.<\/p>\n<p><em>Gemeinsam stark \u2013 die Hauptstadtregion auf der transport logistic!<\/em><\/p>\n<p><em>Wir freuen uns auf Sie!<\/em><\/p>\n","protected":false},"excerpt":{"rendered":"<p>Vom 02. bis zum 05. Juni 2025 findet die internationale Leitmesse transport logistic in M\u00fcnchen statt \u2013 und wir sind mit zahlreichen LNBB-Mitgliedern live dabei! Der Gemeinschaftsstand der Hauptstadtregion bietet &#8230;<\/p>\n","protected":false},"author":3,"featured_media":0,"comment_status":"closed","ping_status":"closed","template":"","meta":{"inline_featured_image":false,"_tribe_events_status":"","_tribe_events_status_reason":""},"tags":[],"tribe_events_cat":[],"_links":{"self":[{"href":"https:\/\/logistiknetz-bb.de\/index.php?rest_route=\/wp\/v2\/tribe_events\/3427"}],"collection":[{"href":"https:\/\/logistiknetz-bb.de\/index.php?rest_route=\/wp\/v2\/tribe_events"}],"about":[{"href":"https:\/\/logistiknetz-bb.de\/index.php?rest_route=\/wp\/v2\/types\/tribe_events"}],"author":[{"embeddable":true,"href":"https:\/\/logistiknetz-bb.de\/index.php?rest_route=\/wp\/v2\/users\/3"}],"replies":[{"embeddable":true,"href":"https:\/\/logistiknetz-bb.de\/index.php?rest_route=%2Fwp%2Fv2%2Fcomments&post=3427"}],"version-history":[{"count":1,"href":"https:\/\/logistiknetz-bb.de\/index.php?rest_route=\/wp\/v2\/tribe_events\/3427\/revisions"}],"predecessor-version":[{"id":3428,"href":"https:\/\/logistiknetz-bb.de\/index.php?rest_route=\/wp\/v2\/tribe_events\/3427\/revisions\/3428"}],"wp:attachment":[{"href":"https:\/\/logistiknetz-bb.de\/index.php?rest_route=%2Fwp%2Fv2%2Fmedia&parent=3427"}],"wp:term":[{"taxonomy":"post_tag","embeddable":true,"href":"https:\/\/logistiknetz-bb.de\/index.php?rest_route=%2Fwp%2Fv2%2Ftags&post=3427"},{"taxonomy":"tribe_events_cat","embeddable":true,"href":"https:\/\/logistiknetz-bb.de\/index.php?rest_route=%2Fwp%2Fv2%2Ftribe_events_cat&post=3427"}],"curies":[{"name":"wp","href":"https:\/\/api.w.org\/{rel}","templated":true}]}}

<p>Vom 02. bis zum 05. Juni 2025 findet die internationale Leitmesse transport logistic in München statt – und wir sind mit zahlreichen <strong>LNBB-Mitgliedern live dabei</strong>!</p>
<p>Der <a href="https://koop-bb.de/p/tl-2025">Gemeinschaftsstand der Hauptstadtregion</a> bietet eine exzellente Plattform, um persönliche Kontakte zu knüpfen. Sie möchten Kontakt zu unseren Mitgliedern aufbauen oder mehr über das LNBB-Netzwerk oder die Wirtschaftsregion Berlin-Brandenburg erfahren?</p>
<p>Besuchen Sie den Gemeinschaftsstand in <strong>Halle B4 | Stand 319/418</strong>.</p>
<p><em>Gemeinsam stark – die Hauptstadtregion auf der transport logistic!</em></p>
<p><em>Wir freuen uns auf Sie!</em></p>

<p>Vom 02. bis zum 05. Juni 2025 findet die internationale Leitmesse transport logistic in München statt – und wir sind mit zahlreichen LNBB-Mitgliedern live dabei! Der Gemeinschaftsstand der Hauptstadtregion bietet &#8230;</p>
