{"id":3507,"date":"2025-07-17T09:19:37","date_gmt":"2025-07-17T07:19:37","guid":{"rendered":"https:\/\/logistiknetz-bb.de\/?post_type=tribe_events&#038;p=3507"},"modified":"2025-07-17T09:19:37","modified_gmt":"2025-07-17T07:19:37","slug":"gespraeche-am-zollhaus","status":"publish","type":"tribe_events","link":"https:\/\/logistiknetz-bb.de\/?tribe_events=gespraeche-am-zollhaus","title":{"rendered":"Gespr\u00e4che Am Zollhaus"},"content":{"rendered":"<p>IPG l\u00e4dt in Kooperation mit zu dem LNBB | LogistikNetz Berlin-Brandenburg zu allj\u00e4hrlichen \u201aGespr\u00e4chen Am Zollhaus\u2018.<\/p>\n<p>Es erwarten Sie spannende Impulsvortr\u00e4ge zu den Themen Standort- und Immobilienentwicklung, nachhaltige Logistik und Schieneng\u00fcterverkehr mit Diskussionen und anschlie\u00dfendem Networking.<\/p>\n<p>Nur mit Anmeldung!<\/p>\n","protected":false},"excerpt":{"rendered":"<p>IPG l\u00e4dt in Kooperation mit zu dem LNBB | LogistikNetz Berlin-Brandenburg zu allj\u00e4hrlichen \u201aGespr\u00e4chen Am Zollhaus\u2018. Es erwarten Sie spannende Impulsvortr\u00e4ge zu den Themen Standort- und Immobilienentwicklung, nachhaltige Logistik und &#8230;<\/p>\n","protected":false},"author":3,"featured_media":0,"comment_status":"open","ping_status":"closed","template":"","meta":{"inline_featured_image":false,"_tribe_events_status":"","_tribe_events_status_reason":""},"tags":[],"tribe_events_cat":[],"_links":{"self":[{"href":"https:\/\/logistiknetz-bb.de\/index.php?rest_route=\/wp\/v2\/tribe_events\/3507"}],"collection":[{"href":"https:\/\/logistiknetz-bb.de\/index.php?rest_route=\/wp\/v2\/tribe_events"}],"about":[{"href":"https:\/\/logistiknetz-bb.de\/index.php?rest_route=\/wp\/v2\/types\/tribe_events"}],"author":[{"embeddable":true,"href":"https:\/\/logistiknetz-bb.de\/index.php?rest_route=\/wp\/v2\/users\/3"}],"replies":[{"embeddable":true,"href":"https:\/\/logistiknetz-bb.de\/index.php?rest_route=%2Fwp%2Fv2%2Fcomments&post=3507"}],"version-history":[{"count":1,"href":"https:\/\/logistiknetz-bb.de\/index.php?rest_route=\/wp\/v2\/tribe_events\/3507\/revisions"}],"predecessor-version":[{"id":3508,"href":"https:\/\/logistiknetz-bb.de\/index.php?rest_route=\/wp\/v2\/tribe_events\/3507\/revisions\/3508"}],"wp:attachment":[{"href":"https:\/\/logistiknetz-bb.de\/index.php?rest_route=%2Fwp%2Fv2%2Fmedia&parent=3507"}],"wp:term":[{"taxonomy":"post_tag","embeddable":true,"href":"https:\/\/logistiknetz-bb.de\/index.php?rest_route=%2Fwp%2Fv2%2Ftags&post=3507"},{"taxonomy":"tribe_events_cat","embeddable":true,"href":"https:\/\/logistiknetz-bb.de\/index.php?rest_route=%2Fwp%2Fv2%2Ftribe_events_cat&post=3507"}],"curies":[{"name":"wp","href":"https:\/\/api.w.org\/{rel}","templated":true}]}}

Gespräche Am Zollhaus

<p>IPG lädt in Kooperation mit zu dem LNBB | LogistikNetz Berlin-Brandenburg zu alljährlichen ‚Gesprächen Am Zollhaus‘.</p>
<p>Es erwarten Sie spannende Impulsvorträge zu den Themen Standort- und Immobilienentwicklung, nachhaltige Logistik und Schienengüterverkehr mit Diskussionen und anschließendem Networking.</p>
<p>Nur mit Anmeldung!</p>

<p>IPG lädt in Kooperation mit zu dem LNBB | LogistikNetz Berlin-Brandenburg zu alljährlichen ‚Gesprächen Am Zollhaus‘. Es erwarten Sie spannende Impulsvorträge zu den Themen Standort- und Immobilienentwicklung, nachhaltige Logistik und &#8230;</p>
