{"id":3552,"date":"2025-09-04T10:16:24","date_gmt":"2025-09-04T08:16:24","guid":{"rendered":"https:\/\/logistiknetz-bb.de\/?post_type=tribe_events&#038;p=3552"},"modified":"2025-09-04T10:16:24","modified_gmt":"2025-09-04T08:16:24","slug":"kibb-kuenstliche-intelligenz-fuer-die-brandenburger-wirtschaft","status":"publish","type":"tribe_events","link":"https:\/\/logistiknetz-bb.de\/?tribe_events=kibb-kuenstliche-intelligenz-fuer-die-brandenburger-wirtschaft","title":{"rendered":"KI@BB K\u00fcnstliche Intelligenz f\u00fcr die Brandenburger Wirtschaft"},"content":{"rendered":"<p>Programmerweiterungen zum INFORMATIK FESTIVAL der GI durch die\u00a0<a href=\"https:\/\/www.wfbb.de\/\" target=\"_blank\" rel=\"noopener\">Wirtschaftsf\u00f6rderung Land Brandenburg GmbH &#8211; WFBB<\/a>\u00a0und das\u00a0<a href=\"https:\/\/mwaek.brandenburg.de\/de\/ministerium-f%C3%BCr-wirtschaft-arbeit-energie-und-klimaschutz\/bb1.c.478848.de\" target=\"_blank\" rel=\"noopener\">Ministerium f\u00fcr Wirtschaft, Arbeit, Energie und Klimaschutz des Landes Brandenburg &#8211; MWAEK<\/a><\/p>\n<p>Das Informatikfestival ist ein j\u00e4hrliches eher wissenschaftlich dominiertes Event mit wechselnden Veranstaltungsorten und dieses zuf\u00e4llig direkt vor unserer Haust\u00fcr am HPI und der UNI Potsdam.<\/p>\n<p>Das <strong><u>Sideevent<\/u><\/strong> ist aus praktischen Gr\u00fcnden direkt hieran gedockt und adressiert <strong><u>explizit Brandenburger Unternehmen<\/u><\/strong>. \u00a0<a href=\"https:\/\/informatik2025.gi.de\/KI_BB.html\">Informatik Festival 2025 | KI@BB K\u00fcnstliche Intelligenz f\u00fcr die Brandenburger Wirtschaft<\/a><\/p>\n","protected":false},"excerpt":{"rendered":"<p>Programmerweiterungen zum INFORMATIK FESTIVAL der GI durch die\u00a0Wirtschaftsf\u00f6rderung Land Brandenburg GmbH &#8211; WFBB\u00a0und das\u00a0Ministerium f\u00fcr Wirtschaft, Arbeit, Energie und Klimaschutz des Landes Brandenburg &#8211; MWAEK Das Informatikfestival ist ein j\u00e4hrliches &#8230;<\/p>\n","protected":false},"author":3,"featured_media":0,"comment_status":"open","ping_status":"closed","template":"","meta":{"inline_featured_image":false,"_tribe_events_status":"","_tribe_events_status_reason":""},"tags":[],"tribe_events_cat":[],"_links":{"self":[{"href":"https:\/\/logistiknetz-bb.de\/index.php?rest_route=\/wp\/v2\/tribe_events\/3552"}],"collection":[{"href":"https:\/\/logistiknetz-bb.de\/index.php?rest_route=\/wp\/v2\/tribe_events"}],"about":[{"href":"https:\/\/logistiknetz-bb.de\/index.php?rest_route=\/wp\/v2\/types\/tribe_events"}],"author":[{"embeddable":true,"href":"https:\/\/logistiknetz-bb.de\/index.php?rest_route=\/wp\/v2\/users\/3"}],"replies":[{"embeddable":true,"href":"https:\/\/logistiknetz-bb.de\/index.php?rest_route=%2Fwp%2Fv2%2Fcomments&post=3552"}],"version-history":[{"count":1,"href":"https:\/\/logistiknetz-bb.de\/index.php?rest_route=\/wp\/v2\/tribe_events\/3552\/revisions"}],"predecessor-version":[{"id":3553,"href":"https:\/\/logistiknetz-bb.de\/index.php?rest_route=\/wp\/v2\/tribe_events\/3552\/revisions\/3553"}],"wp:attachment":[{"href":"https:\/\/logistiknetz-bb.de\/index.php?rest_route=%2Fwp%2Fv2%2Fmedia&parent=3552"}],"wp:term":[{"taxonomy":"post_tag","embeddable":true,"href":"https:\/\/logistiknetz-bb.de\/index.php?rest_route=%2Fwp%2Fv2%2Ftags&post=3552"},{"taxonomy":"tribe_events_cat","embeddable":true,"href":"https:\/\/logistiknetz-bb.de\/index.php?rest_route=%2Fwp%2Fv2%2Ftribe_events_cat&post=3552"}],"curies":[{"name":"wp","href":"https:\/\/api.w.org\/{rel}","templated":true}]}}

KI@BB Künstliche Intelligenz für die Brandenburger Wirtschaft

<p>Programmerweiterungen zum INFORMATIK FESTIVAL der GI durch die <a href="https://www.wfbb.de/" target="_blank" rel="noopener">Wirtschaftsförderung Land Brandenburg GmbH &#8211; WFBB</a> und das <a href="https://mwaek.brandenburg.de/de/ministerium-f%C3%BCr-wirtschaft-arbeit-energie-und-klimaschutz/bb1.c.478848.de" target="_blank" rel="noopener">Ministerium für Wirtschaft, Arbeit, Energie und Klimaschutz des Landes Brandenburg &#8211; MWAEK</a></p>
<p>Das Informatikfestival ist ein jährliches eher wissenschaftlich dominiertes Event mit wechselnden Veranstaltungsorten und dieses zufällig direkt vor unserer Haustür am HPI und der UNI Potsdam.</p>
<p>Das <strong><u>Sideevent</u></strong> ist aus praktischen Gründen direkt hieran gedockt und adressiert <strong><u>explizit Brandenburger Unternehmen</u></strong>.  <a href="https://informatik2025.gi.de/KI_BB.html">Informatik Festival 2025 | KI@BB Künstliche Intelligenz für die Brandenburger Wirtschaft</a></p>

<p>Programmerweiterungen zum INFORMATIK FESTIVAL der GI durch die Wirtschaftsförderung Land Brandenburg GmbH &#8211; WFBB und das Ministerium für Wirtschaft, Arbeit, Energie und Klimaschutz des Landes Brandenburg &#8211; MWAEK Das Informatikfestival ist ein jährliches &#8230;</p>
