{"id":3786,"date":"2025-10-16T12:35:47","date_gmt":"2025-10-16T10:35:47","guid":{"rendered":"https:\/\/logistiknetz-bb.de\/?post_type=tribe_events&#038;p=3786"},"modified":"2025-10-16T12:35:47","modified_gmt":"2025-10-16T10:35:47","slug":"18-lnbb-mitgliedervollversammlung","status":"publish","type":"tribe_events","link":"https:\/\/logistiknetz-bb.de\/?tribe_events=18-lnbb-mitgliedervollversammlung","title":{"rendered":"18. LNBB Mitgliedervollversammlung"},"content":{"rendered":"<p>Alle Mitglieder sind zur 18. ordentlichen Mitgliedervollversammlung (MVV) des LNBB | LogistikNetz Berlin-Brandenburg e. V. eingeladen.<\/p>\n<p>Alle Beschl\u00fcsse werden durch die stimmberechtigten Mitglieder (ordentliche Mitglieder) gefasst. Gem\u00e4\u00df \u00a77 (4) der Satzung hat jedes Mitglied die M\u00f6glichkeit, zus\u00e4tzliche Tagesordnungspunkte bis 14 Tage vor der Mitgliederversammlung einzubringen.<\/p>\n<p>Ordentliche Mitglieder, die an der Vollversammlung nicht pers\u00f6nlich teilnehmen k\u00f6nnen, werden gebeten, Ihre Stimme gegebenenfalls rechtzeitig und per schriftlicher Vollmacht auf ein anderes stimmberechtigtes Mitglied zu \u00fcbertragen.<\/p>\n<p>Wir bitten um Anmeldung aller Mitglieder per E-Mail an\u00a0<a href=\"mailto:office@logistiknetz-bb.de\">office@logistiknetz-bb.de<\/a>\u00a0und Betreff \u201eMVV Anmeldung\u201c mit\u00a0dem\u00a0<strong>Hinweis<\/strong>, ob Sie in<strong>\u00a0Pr\u00e4senz\u00a0<\/strong>oder<strong>\u00a0Online\u00a0<\/strong>teilnehmen.<\/p>\n","protected":false},"excerpt":{"rendered":"<p>Alle Mitglieder sind zur 18. ordentlichen Mitgliedervollversammlung (MVV) des LNBB | LogistikNetz Berlin-Brandenburg e. V. eingeladen. Alle Beschl\u00fcsse werden durch die stimmberechtigten Mitglieder (ordentliche Mitglieder) gefasst. Gem\u00e4\u00df \u00a77 (4) der &#8230;<\/p>\n","protected":false},"author":3,"featured_media":0,"comment_status":"closed","ping_status":"closed","template":"","meta":{"inline_featured_image":false,"_tribe_events_status":"","_tribe_events_status_reason":""},"tags":[],"tribe_events_cat":[],"_links":{"self":[{"href":"https:\/\/logistiknetz-bb.de\/index.php?rest_route=\/wp\/v2\/tribe_events\/3786"}],"collection":[{"href":"https:\/\/logistiknetz-bb.de\/index.php?rest_route=\/wp\/v2\/tribe_events"}],"about":[{"href":"https:\/\/logistiknetz-bb.de\/index.php?rest_route=\/wp\/v2\/types\/tribe_events"}],"author":[{"embeddable":true,"href":"https:\/\/logistiknetz-bb.de\/index.php?rest_route=\/wp\/v2\/users\/3"}],"replies":[{"embeddable":true,"href":"https:\/\/logistiknetz-bb.de\/index.php?rest_route=%2Fwp%2Fv2%2Fcomments&post=3786"}],"version-history":[{"count":1,"href":"https:\/\/logistiknetz-bb.de\/index.php?rest_route=\/wp\/v2\/tribe_events\/3786\/revisions"}],"predecessor-version":[{"id":3787,"href":"https:\/\/logistiknetz-bb.de\/index.php?rest_route=\/wp\/v2\/tribe_events\/3786\/revisions\/3787"}],"wp:attachment":[{"href":"https:\/\/logistiknetz-bb.de\/index.php?rest_route=%2Fwp%2Fv2%2Fmedia&parent=3786"}],"wp:term":[{"taxonomy":"post_tag","embeddable":true,"href":"https:\/\/logistiknetz-bb.de\/index.php?rest_route=%2Fwp%2Fv2%2Ftags&post=3786"},{"taxonomy":"tribe_events_cat","embeddable":true,"href":"https:\/\/logistiknetz-bb.de\/index.php?rest_route=%2Fwp%2Fv2%2Ftribe_events_cat&post=3786"}],"curies":[{"name":"wp","href":"https:\/\/api.w.org\/{rel}","templated":true}]}}

<p>Alle Mitglieder sind zur 18. ordentlichen Mitgliedervollversammlung (MVV) des LNBB | LogistikNetz Berlin-Brandenburg e. V. eingeladen.</p>
<p>Alle Beschlüsse werden durch die stimmberechtigten Mitglieder (ordentliche Mitglieder) gefasst. Gemäß §7 (4) der Satzung hat jedes Mitglied die Möglichkeit, zusätzliche Tagesordnungspunkte bis 14 Tage vor der Mitgliederversammlung einzubringen.</p>
<p>Ordentliche Mitglieder, die an der Vollversammlung nicht persönlich teilnehmen können, werden gebeten, Ihre Stimme gegebenenfalls rechtzeitig und per schriftlicher Vollmacht auf ein anderes stimmberechtigtes Mitglied zu übertragen.</p>
<p>Wir bitten um Anmeldung aller Mitglieder per E-Mail an <a href="mailto:office@logistiknetz-bb.de">office@logistiknetz-bb.de</a> und Betreff „MVV Anmeldung“ mit dem <strong>Hinweis</strong>, ob Sie in<strong> Präsenz </strong>oder<strong> Online </strong>teilnehmen.</p>

<p>Alle Mitglieder sind zur 18. ordentlichen Mitgliedervollversammlung (MVV) des LNBB | LogistikNetz Berlin-Brandenburg e. V. eingeladen. Alle Beschlüsse werden durch die stimmberechtigten Mitglieder (ordentliche Mitglieder) gefasst. Gemäß §7 (4) der &#8230;</p>
