{"id":3804,"date":"2025-12-01T14:13:50","date_gmt":"2025-12-01T13:13:50","guid":{"rendered":"https:\/\/logistiknetz-bb.de\/?post_type=tribe_events&#038;p=3804"},"modified":"2025-12-01T14:13:50","modified_gmt":"2025-12-01T13:13:50","slug":"4-online-konferenz-e-lkw-ladeinfrastruktur-in-brandenburg","status":"publish","type":"tribe_events","link":"https:\/\/logistiknetz-bb.de\/?tribe_events=4-online-konferenz-e-lkw-ladeinfrastruktur-in-brandenburg","title":{"rendered":"4. Online-Konferenz \u201eE-Lkw Ladeinfrastruktur in Brandenburg\u201c"},"content":{"rendered":"<p>Stabsstelle Anwendung Elektro- und Wasserstoffmobilit\u00e4t (SAEW) l\u00e4dt ein: Freuen Sie sich auf Impulse von <strong>K2 Mobility<\/strong>, die ihre integrierte Softwarel\u00f6sung \u201ePANION\u201c f\u00fcr Lade- und Energiemanagement vorstellen, <strong>TST Gruppe<\/strong>, die ihr eigenes innovatives Depotladenetzwerk aufbauen, \u201evon Logistikern, f\u00fcr Logistiker\u201c und daf\u00fcr Kooperationspartner suchen sowie <strong>R:loaded SE<\/strong> und <strong>Energiequelle Germany<\/strong>, die Ladeinfrastrukturl\u00f6sungen f\u00fcr gewerbliche und industrielle Kunden finanzieren und betreiben, bei der die Nutzung von selbst erzeugtem Gr\u00fcnstrom im Fokus steht.<\/p>\n<h2>Inputs<\/h2>\n<p>\u26a1 <strong>Markus Kroeger<\/strong> \u201eIntegriertes Lademanagement als Voraussetzung f\u00fcr elektrische Stra\u00dfenlogistik\u201c<br \/>\n\u26a1 <strong>Katrin Herda<\/strong> \u201eeMobilit\u00e4t einfach machen: Der TST-Weg zum eTruck-Pioneer\u201c<br \/>\n\u26a1 <strong>Jean-Paul M\u00f6ckel<\/strong> &amp; <strong>Oliver Nee<\/strong> \u201eDepotladen f\u00fcr E-LKW: Zukunftsf\u00e4hige Energieversorgung mit Photovoltaik und effizienten Gleichstromnetzen\u201c<\/p>\n<p>Zur Anmeldung  <a href=\"https:\/\/www.wfbb.de\/termine-und-events\/saew-online-konferenz-e-lkw\">https:\/\/www.wfbb.de\/termine-und-events\/saew-online-konferenz-e-lkw<\/a><\/p>\n","protected":false},"excerpt":{"rendered":"<p>Stabsstelle Anwendung Elektro- und Wasserstoffmobilit\u00e4t (SAEW) l\u00e4dt ein: Freuen Sie sich auf Impulse von K2 Mobility, die ihre integrierte Softwarel\u00f6sung \u201ePANION\u201c f\u00fcr Lade- und Energiemanagement vorstellen, TST Gruppe, die ihr &#8230;<\/p>\n","protected":false},"author":3,"featured_media":0,"comment_status":"closed","ping_status":"closed","template":"","meta":{"inline_featured_image":false,"_tribe_events_status":"","_tribe_events_status_reason":""},"tags":[],"tribe_events_cat":[],"_links":{"self":[{"href":"https:\/\/logistiknetz-bb.de\/index.php?rest_route=\/wp\/v2\/tribe_events\/3804"}],"collection":[{"href":"https:\/\/logistiknetz-bb.de\/index.php?rest_route=\/wp\/v2\/tribe_events"}],"about":[{"href":"https:\/\/logistiknetz-bb.de\/index.php?rest_route=\/wp\/v2\/types\/tribe_events"}],"author":[{"embeddable":true,"href":"https:\/\/logistiknetz-bb.de\/index.php?rest_route=\/wp\/v2\/users\/3"}],"replies":[{"embeddable":true,"href":"https:\/\/logistiknetz-bb.de\/index.php?rest_route=%2Fwp%2Fv2%2Fcomments&post=3804"}],"version-history":[{"count":1,"href":"https:\/\/logistiknetz-bb.de\/index.php?rest_route=\/wp\/v2\/tribe_events\/3804\/revisions"}],"predecessor-version":[{"id":3805,"href":"https:\/\/logistiknetz-bb.de\/index.php?rest_route=\/wp\/v2\/tribe_events\/3804\/revisions\/3805"}],"wp:attachment":[{"href":"https:\/\/logistiknetz-bb.de\/index.php?rest_route=%2Fwp%2Fv2%2Fmedia&parent=3804"}],"wp:term":[{"taxonomy":"post_tag","embeddable":true,"href":"https:\/\/logistiknetz-bb.de\/index.php?rest_route=%2Fwp%2Fv2%2Ftags&post=3804"},{"taxonomy":"tribe_events_cat","embeddable":true,"href":"https:\/\/logistiknetz-bb.de\/index.php?rest_route=%2Fwp%2Fv2%2Ftribe_events_cat&post=3804"}],"curies":[{"name":"wp","href":"https:\/\/api.w.org\/{rel}","templated":true}]}}

<p>Stabsstelle Anwendung Elektro- und Wasserstoffmobilität (SAEW) lädt ein: Freuen Sie sich auf Impulse von <strong>K2 Mobility</strong>, die ihre integrierte Softwarelösung „PANION“ für Lade- und Energiemanagement vorstellen, <strong>TST Gruppe</strong>, die ihr eigenes innovatives Depotladenetzwerk aufbauen, „von Logistikern, für Logistiker“ und dafür Kooperationspartner suchen sowie <strong>R:loaded SE</strong> und <strong>Energiequelle Germany</strong>, die Ladeinfrastrukturlösungen für gewerbliche und industrielle Kunden finanzieren und betreiben, bei der die Nutzung von selbst erzeugtem Grünstrom im Fokus steht.</p>
<h2>Inputs</h2>
<p>⚡ <strong>Markus Kroeger</strong> „Integriertes Lademanagement als Voraussetzung für elektrische Straßenlogistik“<br />
⚡ <strong>Katrin Herda</strong> „eMobilität einfach machen: Der TST-Weg zum eTruck-Pioneer“<br />
⚡ <strong>Jean-Paul Möckel</strong> &amp; <strong>Oliver Nee</strong> „Depotladen für E-LKW: Zukunftsfähige Energieversorgung mit Photovoltaik und effizienten Gleichstromnetzen“</p>
<p>Zur Anmeldung  <a href="https://www.wfbb.de/termine-und-events/saew-online-konferenz-e-lkw">https://www.wfbb.de/termine-und-events/saew-online-konferenz-e-lkw</a></p>

<p>Stabsstelle Anwendung Elektro- und Wasserstoffmobilität (SAEW) lädt ein: Freuen Sie sich auf Impulse von K2 Mobility, die ihre integrierte Softwarelösung „PANION“ für Lade- und Energiemanagement vorstellen, TST Gruppe, die ihr &#8230;</p>
