{"id":3812,"date":"2025-12-04T12:23:27","date_gmt":"2025-12-04T11:23:27","guid":{"rendered":"https:\/\/logistiknetz-bb.de\/?post_type=tribe_events&#038;p=3812"},"modified":"2025-12-04T12:23:27","modified_gmt":"2025-12-04T11:23:27","slug":"lnbb-stammtisch","status":"publish","type":"tribe_events","link":"https:\/\/logistiknetz-bb.de\/?tribe_events=lnbb-stammtisch","title":{"rendered":"LNBB-Stammtisch"},"content":{"rendered":"<p><img fetchpriority=\"high\" decoding=\"async\" class=\"alignnone wp-image-3813 size-large\" src=\"https:\/\/logistiknetz-bb.de\/wp-content\/uploads\/2025\/12\/thumbnail_image008-1024x515.png\" alt=\"\" width=\"800\" height=\"402\" srcset=\"https:\/\/logistiknetz-bb.de\/wp-content\/uploads\/2025\/12\/thumbnail_image008-1024x515.png 1024w, https:\/\/logistiknetz-bb.de\/wp-content\/uploads\/2025\/12\/thumbnail_image008-300x150.png 300w, https:\/\/logistiknetz-bb.de\/wp-content\/uploads\/2025\/12\/thumbnail_image008-768x387.png 768w, https:\/\/logistiknetz-bb.de\/wp-content\/uploads\/2025\/12\/thumbnail_image008.png 1063w\" sizes=\"(max-width: 800px) 100vw, 800px\" \/><\/p>\n<p><strong>\u201eDas sind keine Transporter und Flexis ist kein Fahrzeughersteller. Doch was dann? Das zeigt Flexis Ihnen bei unserem n\u00e4chsten LNBB-Stammtisch.\u201c<\/strong><\/p>\n<p>&nbsp;<\/p>\n<p>Liebe Mitglieder des LogistikNetz Berlin-Brandenburg,<\/p>\n<p>kommen Sie zu einem entspannten Networking-Event, kn\u00fcpfen Sie neue Kontakte und genie\u00dfen Sie ein leckeres Abendessen bei anregenden Gespr\u00e4chen mit interessanten Partnern.<\/p>\n<p><strong>Das Treffen ist f\u00fcr Selbstzahler.<\/strong><\/p>\n<p>Die Anmoderation \u00fcbernimmt unser Mitglied <strong>Ole Gravenhorst | Flexis SAS<\/strong>.<\/p>\n<p><strong>Bitte gebt bis zum 26. Januar 2026 Bescheid, ob Sie dabei sein werden, damit wir alles bestm\u00f6glich vorbereiten k\u00f6nnen.<\/strong><\/p>\n<p>Wir freuen uns darauf, mit Ihnen einen inspirierenden Abend voller interessanter Gespr\u00e4che und neuen Kontakten zu verbringen!<\/p>\n<p>&nbsp;<\/p>\n<p>Mit herzlichen Gr\u00fc\u00dfen,<\/p>\n<p>&nbsp;<\/p>\n<p>Katharina L\u00fcdicke<\/p>\n","protected":false},"excerpt":{"rendered":"<p>\u201eDas sind keine Transporter und Flexis ist kein Fahrzeughersteller. Doch was dann? Das zeigt Flexis Ihnen bei unserem n\u00e4chsten LNBB-Stammtisch.\u201c &nbsp; Liebe Mitglieder des LogistikNetz Berlin-Brandenburg, kommen Sie zu einem &#8230;<\/p>\n","protected":false},"author":3,"featured_media":0,"comment_status":"closed","ping_status":"closed","template":"","meta":{"inline_featured_image":false,"_tribe_events_status":"","_tribe_events_status_reason":""},"tags":[],"tribe_events_cat":[],"_links":{"self":[{"href":"https:\/\/logistiknetz-bb.de\/index.php?rest_route=\/wp\/v2\/tribe_events\/3812"}],"collection":[{"href":"https:\/\/logistiknetz-bb.de\/index.php?rest_route=\/wp\/v2\/tribe_events"}],"about":[{"href":"https:\/\/logistiknetz-bb.de\/index.php?rest_route=\/wp\/v2\/types\/tribe_events"}],"author":[{"embeddable":true,"href":"https:\/\/logistiknetz-bb.de\/index.php?rest_route=\/wp\/v2\/users\/3"}],"replies":[{"embeddable":true,"href":"https:\/\/logistiknetz-bb.de\/index.php?rest_route=%2Fwp%2Fv2%2Fcomments&post=3812"}],"version-history":[{"count":1,"href":"https:\/\/logistiknetz-bb.de\/index.php?rest_route=\/wp\/v2\/tribe_events\/3812\/revisions"}],"predecessor-version":[{"id":3814,"href":"https:\/\/logistiknetz-bb.de\/index.php?rest_route=\/wp\/v2\/tribe_events\/3812\/revisions\/3814"}],"wp:attachment":[{"href":"https:\/\/logistiknetz-bb.de\/index.php?rest_route=%2Fwp%2Fv2%2Fmedia&parent=3812"}],"wp:term":[{"taxonomy":"post_tag","embeddable":true,"href":"https:\/\/logistiknetz-bb.de\/index.php?rest_route=%2Fwp%2Fv2%2Ftags&post=3812"},{"taxonomy":"tribe_events_cat","embeddable":true,"href":"https:\/\/logistiknetz-bb.de\/index.php?rest_route=%2Fwp%2Fv2%2Ftribe_events_cat&post=3812"}],"curies":[{"name":"wp","href":"https:\/\/api.w.org\/{rel}","templated":true}]}}

<p><img fetchpriority="high" decoding="async" class="alignnone wp-image-3813 size-large" src="https://logistiknetz-bb.de/wp-content/uploads/2025/12/thumbnail_image008-1024x515.png" alt="" width="800" height="402" srcset="https://logistiknetz-bb.de/wp-content/uploads/2025/12/thumbnail_image008-1024x515.png 1024w, https://logistiknetz-bb.de/wp-content/uploads/2025/12/thumbnail_image008-300x150.png 300w, https://logistiknetz-bb.de/wp-content/uploads/2025/12/thumbnail_image008-768x387.png 768w, https://logistiknetz-bb.de/wp-content/uploads/2025/12/thumbnail_image008.png 1063w" sizes="(max-width: 800px) 100vw, 800px" /></p>
<p><strong>„Das sind keine Transporter und Flexis ist kein Fahrzeughersteller. Doch was dann? Das zeigt Flexis Ihnen bei unserem nächsten LNBB-Stammtisch.“</strong></p>
<p>&nbsp;</p>
<p>Liebe Mitglieder des LogistikNetz Berlin-Brandenburg,</p>
<p>kommen Sie zu einem entspannten Networking-Event, knüpfen Sie neue Kontakte und genießen Sie ein leckeres Abendessen bei anregenden Gesprächen mit interessanten Partnern.</p>
<p><strong>Das Treffen ist für Selbstzahler.</strong></p>
<p>Die Anmoderation übernimmt unser Mitglied <strong>Ole Gravenhorst | Flexis SAS</strong>.</p>
<p><strong>Bitte gebt bis zum 26. Januar 2026 Bescheid, ob Sie dabei sein werden, damit wir alles bestmöglich vorbereiten können.</strong></p>
<p>Wir freuen uns darauf, mit Ihnen einen inspirierenden Abend voller interessanter Gespräche und neuen Kontakten zu verbringen!</p>
<p>&nbsp;</p>
<p>Mit herzlichen Grüßen,</p>
<p>&nbsp;</p>
<p>Katharina Lüdicke</p>

<p>„Das sind keine Transporter und Flexis ist kein Fahrzeughersteller. Doch was dann? Das zeigt Flexis Ihnen bei unserem nächsten LNBB-Stammtisch.“ &nbsp; Liebe Mitglieder des LogistikNetz Berlin-Brandenburg, kommen Sie zu einem &#8230;</p>
